{"id":17,"date":"2023-06-30T16:43:54","date_gmt":"2023-06-30T16:43:54","guid":{"rendered":"https:\/\/relaxed-banach.185-137-51-246.plesk.page\/?page_id=17"},"modified":"2023-06-30T16:43:54","modified_gmt":"2023-06-30T16:43:54","slug":"o-mnie","status":"publish","type":"page","link":"https:\/\/relaxed-banach.185-137-51-246.plesk.page\/index.php\/o-mnie\/","title":{"rendered":"O mnie"},"content":{"rendered":"\n<p style=\"text-align: justify;\"><a href=\"https:\/\/korcala.pl\/wp-content\/uploads\/2018\/03\/IMG_20171104_084821_edit_edit.jpg\" class=\"cboxElement\"><img loading=\"lazy\" decoding=\"async\" class=\"alignright size-medium wp-image-110\" src=\"https:\/\/korcala.pl\/wp-content\/uploads\/2018\/03\/IMG_20171104_084821_edit_edit-251x300.jpg\" alt=\"IMG_20171104_084821_edit_edit\" width=\"251\" height=\"300\" srcset=\"https:\/\/korcala.pl\/wp-content\/uploads\/2018\/03\/IMG_20171104_084821_edit_edit-251x300.jpg 251w, https:\/\/korcala.pl\/wp-content\/uploads\/2018\/03\/IMG_20171104_084821_edit_edit-857x1024.jpg 857w, https:\/\/korcala.pl\/wp-content\/uploads\/2018\/03\/IMG_20171104_084821_edit_edit-700x835.jpg 700w\" sizes=\"auto, (max-width: 251px) 100vw, 251px\"><\/a><\/p>\n<p>Witam na stronie internetowej Indywidualnej Specjalistycznej Praktyki Lekarskiej<\/p>\n<p>Jestem lekarzem stomatologiem, specjalist\u0105 stomatologii dzieci\u0119cej. Uko\u0144czy\u0142em Wydzia\u0142 Stomatologiczny Gda\u0144skiego Uniwersytetu Medycznego gdzie pracuj\u0119 od uko\u0144czenia sta\u017cu podyplomowego. Od 2004 roku pog\u0142\u0119biam swoj\u0105 wiedz\u0119 na licznych szkoleniach i konferencjach w kraju i zagranic\u0105.&nbsp; Swoje zainteresowania zawodowe kieruj\u0119 w stron\u0119 pacjent\u00f3w w wieku rozwojowym staraj\u0105c si\u0119 kompleksowo podchodzi\u0107 do problem\u00f3w zdrowia jamy ustnej poczynaj\u0105c od leczenia pr\u00f3chnicy a ko\u0144cz\u0105c na zagadnieniach dotycz\u0105cych wad zgryzu.<\/p>\n<p>Zajmuj\u0119 si\u0119 r\u00f3wnie\u017c rehabilitacj\u0105 implanto-protetyczn\u0105 os\u00f3b doros\u0142ych poczynaj\u0105c od planowania poprzez leczenie chirurgiczne (wszczepianie implant\u00f3w) a ko\u0144cz\u0105c na odbudowie protetycznej.<\/p>\n<p>W swojej pracy stawiam nacisk na dok\u0142adno\u015b\u0107 przy braku po\u015bpiechu wed\u0142ug w\u0142asnej ideologii \u201eslow dentistry\u201d (niespiesznej stomatologii) skupiaj\u0105cej si\u0119 na potrzebach leczniczych pacjent\u00f3w i pozostaj\u0105c w opozycji do idei du\u017cych klinik opartych na agresywnym marketingu.<\/p>\n<p>Na co dzie\u0144, poza prac\u0105\u2026nadal pracuj\u0119, dla Pa\u0144stwa, czytaj\u0105c fachow\u0105 literatur\u0119, nie tylko stomatologiczn\u0105 ale i og\u00f3lnomedyczn\u0105, abym m\u00f3g\u0142 s\u0142u\u017cy\u0107 rad\u0105 i pomoc\u0105. Reszt\u0119 wolnego czasu pr\u00f3buj\u0119 podzieli\u0107 na liczne zainteresowania zwi\u0105zane z przyrod\u0105 i muzyk\u0105 oraz renowacj\u0105 staroci z r\u00f3\u017cnych okres\u00f3w.<\/p>\n<p>&nbsp;<\/p>\n","protected":false},"excerpt":{"rendered":"<p>Witam na stronie internetowej Indywidualnej Specjalistycznej Praktyki Lekarskiej Jestem lekarzem stomatologiem, specjalist\u0105 stomatologii dzieci\u0119cej. Uko\u0144czy\u0142em Wydzia\u0142 Stomatologiczny Gda\u0144skiego Uniwersytetu Medycznego gdzie pracuj\u0119 od uko\u0144czenia sta\u017cu podyplomowego. Od 2004 roku pog\u0142\u0119biam swoj\u0105 wiedz\u0119 na licznych szkoleniach i konferencjach w kraju i zagranic\u0105.&nbsp; Swoje zainteresowania zawodowe kieruj\u0119 w stron\u0119 pacjent\u00f3w w wieku rozwojowym staraj\u0105c si\u0119 kompleksowo podchodzi\u0107 [&hellip;]<\/p>\n","protected":false},"author":1,"featured_media":0,"parent":0,"menu_order":0,"comment_status":"closed","ping_status":"closed","template":"","meta":{"footnotes":""},"class_list":["post-17","page","type-page","status-publish","hentry"],"_links":{"self":[{"href":"https:\/\/relaxed-banach.185-137-51-246.plesk.page\/index.php\/wp-json\/wp\/v2\/pages\/17","targetHints":{"allow":["GET"]}}],"collection":[{"href":"https:\/\/relaxed-banach.185-137-51-246.plesk.page\/index.php\/wp-json\/wp\/v2\/pages"}],"about":[{"href":"https:\/\/relaxed-banach.185-137-51-246.plesk.page\/index.php\/wp-json\/wp\/v2\/types\/page"}],"author":[{"embeddable":true,"href":"https:\/\/relaxed-banach.185-137-51-246.plesk.page\/index.php\/wp-json\/wp\/v2\/users\/1"}],"replies":[{"embeddable":true,"href":"https:\/\/relaxed-banach.185-137-51-246.plesk.page\/index.php\/wp-json\/wp\/v2\/comments?post=17"}],"version-history":[{"count":1,"href":"https:\/\/relaxed-banach.185-137-51-246.plesk.page\/index.php\/wp-json\/wp\/v2\/pages\/17\/revisions"}],"predecessor-version":[{"id":18,"href":"https:\/\/relaxed-banach.185-137-51-246.plesk.page\/index.php\/wp-json\/wp\/v2\/pages\/17\/revisions\/18"}],"wp:attachment":[{"href":"https:\/\/relaxed-banach.185-137-51-246.plesk.page\/index.php\/wp-json\/wp\/v2\/media?parent=17"}],"curies":[{"name":"wp","href":"https:\/\/api.w.org\/{rel}","templated":true}]}}